 the remainder when 84683095 is divided by 1581?
1573
What is the remainder when 274215 is divided by 26946?
4755
What is the remainder when 9359 is divided by 1721?
754
What is the remainder when 55686083 is divided by 91?
89
What is the remainder when 6820629 is divided by 620?
9
Calculate the remainder when 904012 is divided by 53174.
54
Calculate the remainder when 7647404 is divided by 1970.
1834
Calculate the remainder when 18687196 is divided by 1880.
1876
What is the remainder when 1255624 is divided by 38049?
7
Calculate the remainder when 603693 is divided by 150726.
789
Calculate the remainder when 4994 is divided by 4930.
64
Calculate the remainder when 1269677363 is divided by 11.
9
What is the remainder when 18009425 is divided by 821?
790
Calculate the remainder when 988458 is divided by 988299.
159
What is the remainder when 7689099 is divided by 27073?
367
What is the remainder when 10425494 is divided by 2966?
4
Calculate the remainder when 46535304 is divided by 3523.
3520
Calculate the remainder when 2937735 is divided by 415.
365
Calculate the remainder when 53951276 is divided by 431.
420
Calculate the remainder when 2862237 is divided by 357779.
5
Calculate the remainder when 3048805 is divided by 234512.
149
What is the remainder when 1824419 is divided by 52126?
9
Calculate the remainder when 1904069 is divided by 562.
13
What is the remainder when 4791459 is divided by 5017?
224
What is the remainder when 71263 is divided by 23742?
37
What is the remainder when 5775684 is divided by 541?
509
Calculate the remainder when 5565959 is divided by 9765.
9674
Calculate the remainder when 4604592 is divided by 7228.
356
Calculate the remainder when 13701 is divided by 4443.
372
Calculate the remainder when 59601 is divided by 1193.
1144
What is the remainder when 9805012 is divided by 33?
19
Calculate the remainder when 1355549 is divided by 26.
13
Calculate the remainder when 321517 is divided by 1248.
781
Calculate the remainder when 8711234 is divided by 995.
9
Calculate the remainder when 132628965 is divided by 306.
303
What is the remainder when 43970 is divided by 1615?
365
What is the remainder when 69466760 is divided by 34733374?
12
Calculate the remainder when 57518498 is divided by 592974.
20
What is the remainder when 28699922 is divided by 397?
395
Calculate the remainder when 5200808 is divided by 606.
116
Calculate the remainder when 777709 is divided by 259064.
517
Calculate the remainder when 43925 is divided by 21643.
639
What is the remainder when 171116 is divided by 42771?
32
What is the remainder when 9214225 is divided by 9?
7
What is the remainder when 2626999 is divided by 715?
89
What is the remainder when 109225596 is divided by 20?
16
Calculate the remainder when 48906 is divided by 48865.
41
What is the remainder when 504088 is divided by 1969?
24
What is the remainder when 38689152 is divided by 19344574?
4
Calculate the remainder when 327523 is divided by 3444.
343
Calculate the remainder when 6116186 is divided by 308.
230
What is the remainder when 435583 is divided by 2777?
2371
Calculate the remainder when 16147 is divided by 15821.
326
Calculate the remainder when 5171305 is divided by 5171249.
56
Calculate the remainder when 34169 is divided by 34061.
108
Calculate the remainder when 1048472 is divided by 2557.
102
What is the remainder when 11283658 is divided by 1410441?
130
What is the remainder when 2244168 is divided by 98?
66
What is the remainder when 16743100 is divided by 805?
710
What is the remainder when 5163645 is divided by 74833?
168
What is the remainder when 1207533974 is divided by 8675?
8674
Calculate the remainder when 26316075 is divided by 1980.
1875
What is the remainder when 789922 is divided by 384?
34
Calculate the remainder when 481228 is divided by 72.
52
Calculate the remainder when 13495025 is divided by 281.
0
Calculate the remainder when 304406 is divided by 1951.
50
Calculate the remainder when 118609 is divided by 1799.
1674
What is the remainder when 367843 is divided by 13134?
91
What is the remainder when 2525827 is divided by 180?
67
What is the remainder when 1418598 is divided by 4148?
4130
Calculate the remainder when 368085 is divided by 12661.
916
Calculate the remainder when 6428822 is divided by 755.
752
Calculate the remainder when 462454 is divided by 1622.
184
What is the remainder when 301559 is divided by 2139?
2099
Calculate the remainder when 2240918 is divided by 264.
86
What is the remainder when 16032485 is divided by 3195?
3170
Calculate the remainder when 169416279 is divided by 6.
3
Calculate the remainder when 1031276 is divided by 23437.
48
Calculate the remainder when 16739306 is divided by 4184811.
62
What is the remainder when 1549612 is divided by 2622?
10
Calculate the remainder when 6500235 is divided by 542.
29
What is the remainder when 281041 is divided by 66398?
15449
Calculate the remainder when 128422 is divided by 128409.
13
Calculate the remainder when 63183 is divided by 288.
111
What is the remainder when 23167940 is divided by 29?
14
What is the remainder when 2201135 is divided by 14972?
251
What is the remainder when 34199 is divided by 8549?
3
Calculate the remainder when 861781 is divided by 1443.
310
Calculate the remainder when 2002485 is divided by 667264.
693
Calculate the remainder when 1011 is divided by 102.
93
What is the remainder when 435870 is divided by 541?
365
What is the remainder when 366674 is divided by 52340?
294
What is the remainder when 1023047 is divided by 52?
51
Calculate the remainder when 220676 is divided by 131.
72
Calculate the remainder when 2733140 is divided by 390446.
18
Calculate the remainder when 7809088 is divided by 174.
142
What is the remainder when 2091128 is divided by 17425?
128
What is the remainder when 512785 is divided by 1785?
490
What is the remainder when 31394 is divided by 13?
12
What is the remainder when 1768984 is divided by 450?
34
Calculate the remainder when 255178 is divided by 4267.
3425
Calculate the remainder when 94245623 is divided by 625.
623
Calculate the remainder when 352730 is divided by 2004.
26
Calculate the remainder when 814742 is divided by 108.
98
Calculate the remainder when 10990330 is divided by 1369.
1367
What is the remainder when 451657 is divided by 1655?
1497
Calculate the remainder when 78011 is divided by 650.
11
Calculate the remainder when 627351 is divided by 25082.
301
Calculate the remainder when 504510 is divided by 21935.
5
What is the remainder when 243012241 is divided by 223?
221
Calculate the remainder when 705522 is divided by 82.
76
Calculate the remainder when 9636 is divided by 155.
26
Calculate the remainder when 445922 is divided by 109.
3
What is the remainder when 12135588 is divided by 7?
3
What is the remainder when 4323148 is divided by 13?
11
What is the remainder when 24289 is divided by 23048?
1241
Calculate the remainder when 4252033 is divided by 2353.
162
Calculate the remainder when 278289 is divided by 138821.
647
What is the remainder when 66956 is divided by 112?
92
What is the remainder when 118860 is divided by 10798?
82
Calculate the remainder when 1242900 is divided by 4143.
0
Calculate the remainder when 781406 is divided by 35518.
10
Calculate the remainder when 187394075 is divided by 10.
5
What is the remainder when 18805495 is divided by 1044749?
13
What is the remainder when 113881424 is divided by 75?
74
Calculate the remainder when 87039 is divided by 28173.
2520
What is the remainder when 22480 is divided by 3017?
1361
Calculate the remainder when 994781 is divided by 129.
62
What is the remainder when 948807 is divided by 685?
82
Calculate the remainder when 7243789 is divided by 153.
4
What is the remainder when 26347756 is divided by 7569?
67
What is the remainder when 410132 is divided by 654?
74
Calculate the remainder when 21723 is divided by 2914.
1325
Calculate the remainder when 11553576 is divided by 54242.
30
Calculate the remainder when 93988 is divided by 46920.
148
What is the remainder when 88305 is divided by 43230?
1845
Calculate the remainder when 2157590 is divided by 2667.
2654
Calculate the remainder when 107376 is divided by 73.
66
Calculate the remainde